{"id":45,"date":"2015-03-09T15:50:01","date_gmt":"2015-03-09T15:50:01","guid":{"rendered":"http:\/\/www.amapalu.com.br\/site\/?page_id=45"},"modified":"2024-11-14T18:00:19","modified_gmt":"2024-11-14T18:00:19","slug":"kit-festa","status":"publish","type":"page","link":"https:\/\/www.amapalu.com.br\/novo\/nossos-produtos\/kit-festa\/","title":{"rendered":"Kit Festa"},"content":{"rendered":"[vc_row][vc_column]<hr class=\"vertical-space5\"><hr class=\"vertical-space3\">[\/vc_column][\/vc_row][vc_row row_type=&#8221;1&#8243; blox_class=&#8221;bgheader&#8221;][vc_column]<hr class=\"vertical-space1\">[vc_column_text]\n<h1 style=\"text-align: center;\">Nossos <span style=\"color: #fed13c;\"><strong>Kits<\/strong><\/span><\/h1>\n[\/vc_column_text][\/vc_column][\/vc_row][vc_row][vc_column]<hr class=\"vertical-space2\">[vc_column_text]<img loading=\"lazy\" decoding=\"async\" width=\"1905\" height=\"847\" class=\"size-full wp-image-718\" style=\"border-radius: 5px; border: 1px solid #ccc;\" src=\"https:\/\/www.amapalu.com.br\/novo\/wp-content\/uploads\/2017\/04\/EBANNER.jpg\" alt=\"\" srcset=\"https:\/\/www.amapalu.com.br\/novo\/wp-content\/uploads\/2017\/04\/EBANNER.jpg 1905w, https:\/\/www.amapalu.com.br\/novo\/wp-content\/uploads\/2017\/04\/EBANNER-300x133.jpg 300w, https:\/\/www.amapalu.com.br\/novo\/wp-content\/uploads\/2017\/04\/EBANNER-768x341.jpg 768w, https:\/\/www.amapalu.com.br\/novo\/wp-content\/uploads\/2017\/04\/EBANNER-1024x455.jpg 1024w\" sizes=\"auto, (max-width: 1905px) 100vw, 1905px\" \/><\/p>\n[\/vc_column_text][vc_column_text]\n<h4 style=\"text-align: center;\">Os Kits abaixo est\u00e3o em promo\u00e7\u00e3o at\u00e9 o dia <strong>31\/07\/2024<\/strong><\/h4>\n[\/vc_column_text][vc_row_inner][vc_column_inner width=&#8221;1\/2&#8243;][vc_single_image image=&#8221;1780&#8243; img_size=&#8221;full&#8221; alignment=&#8221;center&#8221;][vc_empty_space height=&#8221;30px&#8221;][vc_single_image image=&#8221;1782&#8243; img_size=&#8221;full&#8221; alignment=&#8221;center&#8221;][vc_empty_space height=&#8221;30px&#8221;][vc_single_image image=&#8221;1784&#8243; img_size=&#8221;full&#8221; alignment=&#8221;center&#8221;][vc_empty_space height=&#8221;30px&#8221;][vc_single_image image=&#8221;1786&#8243; img_size=&#8221;full&#8221; alignment=&#8221;center&#8221;][vc_empty_space height=&#8221;30px&#8221;][vc_single_image image=&#8221;1796&#8243; img_size=&#8221;full&#8221; alignment=&#8221;center&#8221;][vc_empty_space height=&#8221;30px&#8221;][vc_single_image image=&#8221;1789&#8243; img_size=&#8221;full&#8221; alignment=&#8221;center&#8221;][vc_empty_space height=&#8221;30px&#8221;][vc_single_image image=&#8221;1791&#8243; img_size=&#8221;full&#8221; alignment=&#8221;center&#8221;][vc_empty_space height=&#8221;30px&#8221;][vc_single_image image=&#8221;1793&#8243; img_size=&#8221;full&#8221; alignment=&#8221;center&#8221;][vc_empty_space height=&#8221;30px&#8221;][vc_single_image image=&#8221;1795&#8243; img_size=&#8221;full&#8221; alignment=&#8221;center&#8221;][\/vc_column_inner][vc_column_inner width=&#8221;1\/2&#8243;][vc_single_image image=&#8221;1781&#8243; img_size=&#8221;full&#8221; alignment=&#8221;center&#8221;][vc_empty_space height=&#8221;30px&#8221;][vc_single_image image=&#8221;1783&#8243; img_size=&#8221;full&#8221; alignment=&#8221;center&#8221;][vc_empty_space height=&#8221;30px&#8221;][vc_single_image image=&#8221;1785&#8243; img_size=&#8221;full&#8221; alignment=&#8221;center&#8221;][vc_empty_space height=&#8221;30px&#8221;][vc_single_image image=&#8221;1787&#8243; img_size=&#8221;full&#8221; alignment=&#8221;center&#8221;][vc_empty_space height=&#8221;30px&#8221;][vc_single_image image=&#8221;1788&#8243; img_size=&#8221;full&#8221; alignment=&#8221;center&#8221;][vc_empty_space height=&#8221;30px&#8221;][vc_single_image image=&#8221;1790&#8243; img_size=&#8221;full&#8221; alignment=&#8221;center&#8221;][vc_empty_space height=&#8221;30px&#8221;][vc_single_image image=&#8221;1792&#8243; img_size=&#8221;full&#8221; alignment=&#8221;center&#8221;][vc_empty_space height=&#8221;30px&#8221;][vc_single_image image=&#8221;1794&#8243; img_size=&#8221;full&#8221; alignment=&#8221;center&#8221;][vc_empty_space height=&#8221;30px&#8221;][\/vc_column_inner][\/vc_row_inner][\/vc_column][\/vc_row]\n","protected":false},"excerpt":{"rendered":"<p>[vc_row][vc_column][\/vc_column][\/vc_row][vc_row row_type=&#8221;1&#8243; blox_class=&#8221;bgheader&#8221;][vc_column][vc_column_text] Nossos Kits [\/vc_column_text][\/vc_column][\/vc_row][vc_row][vc_column][vc_column_text] [\/vc_column_text][vc_column_text] Os Kits abaixo est\u00e3o em promo\u00e7\u00e3o at\u00e9 o dia 31\/07\/2024 [\/vc_column_text][vc_row_inner][vc_column_inner width=&#8221;1\/2&#8243;][vc_single_image image=&#8221;1780&#8243; img_size=&#8221;full&#8221; alignment=&#8221;center&#8221;][vc_empty_space height=&#8221;30px&#8221;][vc_single_image image=&#8221;1782&#8243; img_size=&#8221;full&#8221; alignment=&#8221;center&#8221;][vc_empty_space height=&#8221;30px&#8221;][vc_single_image image=&#8221;1784&#8243; img_size=&#8221;full&#8221; alignment=&#8221;center&#8221;][vc_empty_space height=&#8221;30px&#8221;][vc_single_image image=&#8221;1786&#8243; img_size=&#8221;full&#8221; alignment=&#8221;center&#8221;][vc_empty_space height=&#8221;30px&#8221;][vc_single_image image=&#8221;1796&#8243; img_size=&#8221;full&#8221; alignment=&#8221;center&#8221;][vc_empty_space height=&#8221;30px&#8221;][vc_single_image image=&#8221;1789&#8243; img_size=&#8221;full&#8221; alignment=&#8221;center&#8221;][vc_empty_space height=&#8221;30px&#8221;][vc_single_image image=&#8221;1791&#8243; img_size=&#8221;full&#8221; alignment=&#8221;center&#8221;][vc_empty_space height=&#8221;30px&#8221;][vc_single_image image=&#8221;1793&#8243; img_size=&#8221;full&#8221; alignment=&#8221;center&#8221;][vc_empty_space height=&#8221;30px&#8221;][vc_single_image image=&#8221;1795&#8243; img_size=&#8221;full&#8221; alignment=&#8221;center&#8221;][\/vc_column_inner][vc_column_inner width=&#8221;1\/2&#8243;][vc_single_image image=&#8221;1781&#8243; img_size=&#8221;full&#8221; alignment=&#8221;center&#8221;][vc_empty_space height=&#8221;30px&#8221;][vc_single_image image=&#8221;1783&#8243; img_size=&#8221;full&#8221; alignment=&#8221;center&#8221;][vc_empty_space height=&#8221;30px&#8221;][vc_single_image image=&#8221;1785&#8243; img_size=&#8221;full&#8221; alignment=&#8221;center&#8221;][vc_empty_space height=&#8221;30px&#8221;][vc_single_image image=&#8221;1787&#8243; img_size=&#8221;full&#8221; alignment=&#8221;center&#8221;][vc_empty_space height=&#8221;30px&#8221;][vc_single_image image=&#8221;1788&#8243; img_size=&#8221;full&#8221; alignment=&#8221;center&#8221;][vc_empty_space height=&#8221;30px&#8221;][vc_single_image image=&#8221;1790&#8243; img_size=&#8221;full&#8221; alignment=&#8221;center&#8221;][vc_empty_space height=&#8221;30px&#8221;][vc_single_image image=&#8221;1792&#8243; img_size=&#8221;full&#8221; alignment=&#8221;center&#8221;][vc_empty_space height=&#8221;30px&#8221;][vc_single_image image=&#8221;1794&#8243; img_size=&#8221;full&#8221; alignment=&#8221;center&#8221;][vc_empty_space height=&#8221;30px&#8221;][\/vc_column_inner][\/vc_row_inner][\/vc_column][\/vc_row]<\/p>\n","protected":false},"author":1,"featured_media":0,"parent":56,"menu_order":0,"comment_status":"closed","ping_status":"closed","template":"","meta":{"footnotes":""},"class_list":["post-45","page","type-page","status-publish","hentry"],"_links":{"self":[{"href":"https:\/\/www.amapalu.com.br\/novo\/wp-json\/wp\/v2\/pages\/45","targetHints":{"allow":["GET"]}}],"collection":[{"href":"https:\/\/www.amapalu.com.br\/novo\/wp-json\/wp\/v2\/pages"}],"about":[{"href":"https:\/\/www.amapalu.com.br\/novo\/wp-json\/wp\/v2\/types\/page"}],"author":[{"embeddable":true,"href":"https:\/\/www.amapalu.com.br\/novo\/wp-json\/wp\/v2\/users\/1"}],"replies":[{"embeddable":true,"href":"https:\/\/www.amapalu.com.br\/novo\/wp-json\/wp\/v2\/comments?post=45"}],"version-history":[{"count":51,"href":"https:\/\/www.amapalu.com.br\/novo\/wp-json\/wp\/v2\/pages\/45\/revisions"}],"predecessor-version":[{"id":1798,"href":"https:\/\/www.amapalu.com.br\/novo\/wp-json\/wp\/v2\/pages\/45\/revisions\/1798"}],"up":[{"embeddable":true,"href":"https:\/\/www.amapalu.com.br\/novo\/wp-json\/wp\/v2\/pages\/56"}],"wp:attachment":[{"href":"https:\/\/www.amapalu.com.br\/novo\/wp-json\/wp\/v2\/media?parent=45"}],"curies":[{"name":"wp","href":"https:\/\/api.w.org\/{rel}","templated":true}]}}