{"id":9,"date":"2015-03-08T13:48:18","date_gmt":"2015-03-08T13:48:18","guid":{"rendered":"http:\/\/www.amapalu.com.br\/site\/?page_id=9"},"modified":"2021-04-27T16:24:46","modified_gmt":"2021-04-27T16:24:46","slug":"home","status":"publish","type":"page","link":"https:\/\/www.amapalu.com.br\/novo\/","title":{"rendered":"Home"},"content":{"rendered":"[vc_row row_type=&#8221;1&#8243; animate=&#8221;&#8221; blox_class=&#8221;bgheader&#8221;][vc_column][rev_slider_vc alias=&#8221;Amapalu&#8221;][\/vc_column][\/vc_row][vc_row animate=&#8221;&#8221;][vc_column]<hr class=\"vertical-space2\">[vc_column_text]\n<h1 style=\"text-align: center;\">Nossos\u00a0<span style=\"color: #f7cc46;\"><strong>Produtos<\/strong><\/span><\/h1>\n[\/vc_column_text][vc_row_inner][vc_column_inner offset=&#8221;vc_hidden-xs&#8221;][vc_images_carousel images=&#8221;1271,1267,1256,1234,1232,1230,1228,1225,1223&#8243; img_size=&#8221;full&#8221; onclick=&#8221;custom_link&#8221; slides_per_view=&#8221;6&#8243; autoplay=&#8221;yes&#8221; custom_links=&#8221;#E-8_aHR0cHMlM0ElMkYlMkZ3d3cuYW1hcGFsdS5jb20uYnIlMkZub3ZvJTJGbm9zc29zLXByb2R1dG9zLTIlMkYlMjMxNjE5NTMzODMxOTM2LTUzMGU5NjBkLTBjYWElMkNodHRwcyUzQSUyRiUyRnd3dy5hbWFwYWx1LmNvbS5iciUyRm5vdm8lMkZub3Nzb3MtcHJvZHV0b3MtMiUyRiUyMzE2MTk1MzM4MzEyNjItMTkzNTUyMDItMDY4NCUyQ2h0dHBzJTNBJTJGJTJGd3d3LmFtYXBhbHUuY29tLmJyJTJGbm92byUyRm5vc3Nvcy1wcm9kdXRvcy0yJTJGJTIzMTYxOTUzMzc4NDEwMS1iYzljYjgzYy1mZTZiJTJDaHR0cHMlM0ElMkYlMkZ3d3cuYW1hcGFsdS5jb20uYnIlMkZub3ZvJTJGbm9zc29zLXByb2R1dG9zLTIlMkYlMjMxNjE5NTMzNzg0NjYzLTNlNGFiOTliLTYwZDAlMkNodHRwcyUzQSUyRiUyRnd3dy5hbWFwYWx1LmNvbS5iciUyRm5vdm8lMkZub3Nzb3MtcHJvZHV0b3MtMiUyRiUyMzE2MTk1MzM3ODM0NzItMmEyYjZjMDctM2NhZCUyQ2h0dHBzJTNBJTJGJTJGd3d3LmFtYXBhbHUuY29tLmJyJTJGbm92byUyRm5vc3Nvcy1wcm9kdXRvcy0yJTJGJTIzMTYxOTUzMzc4MjcxOC03ZTNkYWRmMS0wMTIxJTJDaHR0cHMlM0ElMkYlMkZ3d3cuYW1hcGFsdS5jb20uYnIlMkZub3ZvJTJGbm9zc29zLXByb2R1dG9zLTIlMkYlMjMxNjE5NTMzNzU5MzQwLTk1OGRiZTM2LTk5MjIlMkNodHRwcyUzQSUyRiUyRnd3dy5hbWFwYWx1LmNvbS5iciUyRm5vdm8lMkZub3Nzb3MtcHJvZHV0b3MtMiUyRiUyMzE2MTk1MzM3MTM5NTQtNmYyYWM0NjEtNzZiMSUyQ2h0dHBzJTNBJTJGJTJGd3d3LmFtYXBhbHUuY29tLmJyJTJGbm92byUyRm5vc3Nvcy1wcm9kdXRvcy0yJTJGJTIzMTYxOTUzMzcxMzkzNy01ZTg4NmViNS02NDRj&#8221;][\/vc_column_inner][\/vc_row_inner][vc_row_inner][vc_column_inner offset=&#8221;vc_hidden-lg vc_hidden-md vc_hidden-sm&#8221;][vc_images_carousel images=&#8221;1271,1267,1256,1234,1232,1230,1228,1225,1223&#8243; img_size=&#8221;full&#8221; onclick=&#8221;custom_link&#8221; autoplay=&#8221;yes&#8221; custom_links=&#8221;#E-8_aHR0cHMlM0ElMkYlMkZ3d3cuYW1hcGFsdS5jb20uYnIlMkZub3ZvJTJGbm9zc29zLXByb2R1dG9zLTIlMkYlMjMxNjE5NTMzODMxOTM2LTUzMGU5NjBkLTBjYWElMkNodHRwcyUzQSUyRiUyRnd3dy5hbWFwYWx1LmNvbS5iciUyRm5vdm8lMkZub3Nzb3MtcHJvZHV0b3MtMiUyRiUyMzE2MTk1MzM4MzEyNjItMTkzNTUyMDItMDY4NCUyQ2h0dHBzJTNBJTJGJTJGd3d3LmFtYXBhbHUuY29tLmJyJTJGbm92byUyRm5vc3Nvcy1wcm9kdXRvcy0yJTJGJTIzMTYxOTUzMzc4NDEwMS1iYzljYjgzYy1mZTZiJTJDaHR0cHMlM0ElMkYlMkZ3d3cuYW1hcGFsdS5jb20uYnIlMkZub3ZvJTJGbm9zc29zLXByb2R1dG9zLTIlMkYlMjMxNjE5NTMzNzg0NjYzLTNlNGFiOTliLTYwZDAlMkNodHRwcyUzQSUyRiUyRnd3dy5hbWFwYWx1LmNvbS5iciUyRm5vdm8lMkZub3Nzb3MtcHJvZHV0b3MtMiUyRiUyMzE2MTk1MzM3ODM0NzItMmEyYjZjMDctM2NhZCUyQ2h0dHBzJTNBJTJGJTJGd3d3LmFtYXBhbHUuY29tLmJyJTJGbm92byUyRm5vc3Nvcy1wcm9kdXRvcy0yJTJGJTIzMTYxOTUzMzc4MjcxOC03ZTNkYWRmMS0wMTIxJTJDaHR0cHMlM0ElMkYlMkZ3d3cuYW1hcGFsdS5jb20uYnIlMkZub3ZvJTJGbm9zc29zLXByb2R1dG9zLTIlMkYlMjMxNjE5NTMzNzU5MzQwLTk1OGRiZTM2LTk5MjIlMkNodHRwcyUzQSUyRiUyRnd3dy5hbWFwYWx1LmNvbS5iciUyRm5vdm8lMkZub3Nzb3MtcHJvZHV0b3MtMiUyRiUyMzE2MTk1MzM3MTM5NTQtNmYyYWM0NjEtNzZiMSUyQ2h0dHBzJTNBJTJGJTJGd3d3LmFtYXBhbHUuY29tLmJyJTJGbm92byUyRm5vc3Nvcy1wcm9kdXRvcy0yJTJGJTIzMTYxOTUzMzcxMzkzNy01ZTg4NmViNS02NDRj&#8221;][\/vc_column_inner][\/vc_row_inner]<hr class=\"vertical-space1\">[vc_separator color=&#8221;custom&#8221; style=&#8221;shadow&#8221; accent_color=&#8221;#fbfbfb&#8221;][vc_row_inner][vc_column_inner width=&#8221;2\/3&#8243;][vc_single_image image=&#8221;1273&#8243; img_size=&#8221;full&#8221; alignment=&#8221;center&#8221; onclick=&#8221;custom_link&#8221; link=&#8221;https:\/\/wa.me\/5547984930903&#8243;][\/vc_column_inner][vc_column_inner width=&#8221;1\/3&#8243; css=&#8221;.vc_custom_1571174563099{border-top-width: 0px !important;border-right-width: 0px !important;border-bottom-width: 0px !important;border-left-width: 1px !important;padding-top: 10px !important;padding-right: 10px !important;padding-bottom: 10px !important;padding-left: 10px !important;border-left-color: #382e2d !important;border-left-style: dotted !important;border-right-color: #382e2d !important;border-right-style: dotted !important;border-top-color: #382e2d !important;border-top-style: dotted !important;border-bottom-color: #382e2d !important;border-bottom-style: dotted !important;}&#8221;][vc_single_image image=&#8221;1193&#8243; img_size=&#8221;576&#215;200&#8243; alignment=&#8221;center&#8221; style=&#8221;vc_box_rounded&#8221; onclick=&#8221;link_image&#8221;]<hr class=\"vertical-space1\">[vc_column_text]\n<h1 style=\"text-align: center;\"><span style=\"color: #f7cc46;\"><strong>Amapalu<\/strong><\/span><\/h1>\n<p style=\"text-align: justify;\">Cinco anos de trabalho intenso no ramo aliment\u00edcio de Joinville fazem da Confeitaria Amapalu refer\u00eancia na produ\u00e7\u00e3o de doces, tortas e salgados com elabora\u00e7\u00e3o de receitu\u00e1rios pr\u00f3prios e de extrema qualidade.<\/p>\n[\/vc_column_text][\/vc_column_inner][\/vc_row_inner][\/vc_column][\/vc_row][vc_row row_type=&#8221;2&#8243; animate=&#8221;&#8221; blox_bgcolor=&#8221;#ffffff&#8221;][vc_column][vc_separator color=&#8221;custom&#8221; style=&#8221;shadow&#8221; accent_color=&#8221;#fbfbfb&#8221;][vc_column_text css=&#8221;.vc_custom_1586294365911{padding-top: 60px !important;padding-bottom: 30px !important;}&#8221;]\n<h1 style=\"text-align: center;\">Nossos\u00a0<span style=\"color: #f7cc46;\"><strong>Clientes<\/strong><\/span><\/h1>\n[\/vc_column_text]<div class=\"aligncenter\"><hr class=\"vertical-space1\"><div class=\"col-md-12 our-clients-wrap crsl\"><ul id=\"our-clients\" class=\"our-clients crsl\"><li><img decoding=\"async\" alt=\"\" src=\"https:\/\/www.amapalu.com.br\/novo\/wp-content\/uploads\/2019\/10\/trg.png\"\/><\/li><li><img decoding=\"async\" alt=\"\" src=\"https:\/\/www.amapalu.com.br\/novo\/wp-content\/uploads\/2019\/10\/BOURBON.jpg\"\/><\/li><li><img decoding=\"async\" alt=\"\" src=\"https:\/\/www.amapalu.com.br\/novo\/wp-content\/uploads\/2019\/10\/ajorpeme.png\"\/><\/li><li><img decoding=\"async\" alt=\"\" src=\"https:\/\/www.amapalu.com.br\/novo\/wp-content\/uploads\/2019\/10\/donapitanga.png\"\/><\/li><li><img decoding=\"async\" alt=\"\" src=\"https:\/\/www.amapalu.com.br\/novo\/wp-content\/uploads\/2019\/10\/telville.png\"\/><\/li><li><img decoding=\"async\" alt=\"\" src=\"https:\/\/www.amapalu.com.br\/novo\/wp-content\/uploads\/2019\/10\/fredypneus.png\"\/><\/li><li><img decoding=\"async\" alt=\"\" src=\"https:\/\/www.amapalu.com.br\/novo\/wp-content\/uploads\/2019\/10\/gidion.png\"\/><\/li><li><img decoding=\"async\" alt=\"\" src=\"https:\/\/www.amapalu.com.br\/novo\/wp-content\/uploads\/2019\/10\/transtusa.png\"\/><\/li><li><img decoding=\"async\" alt=\"\" src=\"https:\/\/www.amapalu.com.br\/novo\/wp-content\/uploads\/2019\/10\/verdesmares.png\"\/><\/li><li><img decoding=\"async\" alt=\"\" src=\"https:\/\/www.amapalu.com.br\/novo\/wp-content\/uploads\/2019\/10\/harges.gif\"\/><\/li><li><img decoding=\"async\" alt=\"\" src=\"https:\/\/www.amapalu.com.br\/novo\/wp-content\/uploads\/2019\/10\/schulzadv.png\"\/><\/li><li><img decoding=\"async\" alt=\"\" src=\"https:\/\/www.amapalu.com.br\/novo\/wp-content\/uploads\/2019\/10\/movida.png\"\/><\/li><li><img decoding=\"async\" alt=\"\" src=\"https:\/\/www.amapalu.com.br\/novo\/wp-content\/uploads\/2019\/10\/segmil.png\"\/><\/li><li><img decoding=\"async\" alt=\"\" src=\"https:\/\/www.amapalu.com.br\/novo\/wp-content\/uploads\/2019\/10\/Volkswagen.png\"\/><\/li><li><img decoding=\"async\" alt=\"\" src=\"https:\/\/www.amapalu.com.br\/novo\/wp-content\/uploads\/2019\/10\/prollmed2.png\"\/><\/li><li><img decoding=\"async\" alt=\"\" src=\"https:\/\/www.amapalu.com.br\/novo\/wp-content\/uploads\/2019\/10\/Gofind.png\"\/><\/li><li><img decoding=\"async\" alt=\"\" src=\"https:\/\/www.amapalu.com.br\/novo\/wp-content\/uploads\/2019\/10\/metallab.png\"\/><\/li><li><img decoding=\"async\" alt=\"\" src=\"https:\/\/www.amapalu.com.br\/novo\/wp-content\/uploads\/2019\/10\/abaco.png\"\/><\/li><li><img decoding=\"async\" alt=\"\" src=\"https:\/\/www.amapalu.com.br\/novo\/wp-content\/uploads\/2019\/10\/cebrac.png\"\/><\/li><li><img decoding=\"async\" alt=\"\" src=\"https:\/\/www.amapalu.com.br\/novo\/wp-content\/uploads\/2019\/10\/via-inox.png\"\/><\/li><li><img decoding=\"async\" alt=\"\" src=\"https:\/\/www.amapalu.com.br\/novo\/wp-content\/uploads\/2019\/10\/DOTH-MOTORES-.jpg\"\/><\/li><li><img decoding=\"async\" alt=\"\" src=\"https:\/\/www.amapalu.com.br\/novo\/wp-content\/uploads\/2019\/10\/logo-catarinense-escuro.png\"\/><\/li><li><img decoding=\"async\" alt=\"\" src=\"https:\/\/www.amapalu.com.br\/novo\/wp-content\/uploads\/2019\/10\/csicargo.png\"\/><\/li><li><img decoding=\"async\" alt=\"\" src=\"https:\/\/www.amapalu.com.br\/novo\/wp-content\/uploads\/2019\/10\/valorem.png\"\/><\/li><li><img decoding=\"async\" alt=\"\" src=\"https:\/\/www.amapalu.com.br\/novo\/wp-content\/uploads\/2019\/10\/vmglog.png\"\/><\/li><li><img decoding=\"async\" alt=\"\" src=\"https:\/\/www.amapalu.com.br\/novo\/wp-content\/uploads\/2019\/10\/STEIN-ASSOCIADOS-.jpg\"\/><\/li><li><img decoding=\"async\" alt=\"\" src=\"https:\/\/www.amapalu.com.br\/novo\/wp-content\/uploads\/2019\/10\/otinternet.png\"\/><\/li><li><img decoding=\"async\" alt=\"\" src=\"https:\/\/www.amapalu.com.br\/novo\/wp-content\/uploads\/2019\/10\/magazineluiza.jpg\"\/><\/li><li><img decoding=\"async\" alt=\"\" src=\"https:\/\/www.amapalu.com.br\/novo\/wp-content\/uploads\/2019\/10\/ideal.png\"\/><\/li><li><img decoding=\"async\" alt=\"\" src=\"https:\/\/www.amapalu.com.br\/novo\/wp-content\/uploads\/2019\/10\/hidefran.png\"\/><\/li><li><img decoding=\"async\" alt=\"\" src=\"https:\/\/www.amapalu.com.br\/novo\/wp-content\/uploads\/2019\/10\/auto-escola-principe.png\"\/><\/li><li><img decoding=\"async\" alt=\"\" src=\"https:\/\/www.amapalu.com.br\/novo\/wp-content\/uploads\/2019\/10\/HAVAN.png\"\/><\/li><li><img decoding=\"async\" alt=\"\" src=\"https:\/\/www.amapalu.com.br\/novo\/wp-content\/uploads\/2019\/10\/iot.png\"\/><\/li><li><img decoding=\"async\" alt=\"\" src=\"https:\/\/www.amapalu.com.br\/novo\/wp-content\/uploads\/2019\/10\/positivo.png\"\/><\/li><li><img decoding=\"async\" alt=\"\" src=\"https:\/\/www.amapalu.com.br\/novo\/wp-content\/uploads\/2019\/10\/reidomate.png\"\/><\/li><li><img decoding=\"async\" alt=\"\" src=\"https:\/\/www.amapalu.com.br\/novo\/wp-content\/uploads\/2019\/10\/INSTITUO-PRISCILA-ZANETTE.png\"\/><\/li><li><img decoding=\"async\" alt=\"\" src=\"https:\/\/www.amapalu.com.br\/novo\/wp-content\/uploads\/2019\/10\/DOTH-MOTORES-.png\"\/><\/li><li><img decoding=\"async\" alt=\"\" src=\"https:\/\/www.amapalu.com.br\/novo\/wp-content\/uploads\/2019\/10\/STEIN-ASSOCIADOS-.png\"\/><\/li><li><img decoding=\"async\" alt=\"\" src=\"https:\/\/www.amapalu.com.br\/novo\/wp-content\/uploads\/2019\/10\/jbmusinagem.png\"\/><\/li><li><img decoding=\"async\" alt=\"\" src=\"https:\/\/www.amapalu.com.br\/novo\/wp-content\/uploads\/2021\/01\/adipros-1.png\"\/><\/li><li><img decoding=\"async\" alt=\"\" src=\"https:\/\/www.amapalu.com.br\/novo\/wp-content\/uploads\/2021\/01\/anage-1.png\"\/><\/li><li><img decoding=\"async\" alt=\"\" src=\"https:\/\/www.amapalu.com.br\/novo\/wp-content\/uploads\/2021\/01\/dhl-1.png\"\/><\/li><li><img decoding=\"async\" alt=\"\" src=\"https:\/\/www.amapalu.com.br\/novo\/wp-content\/uploads\/2021\/01\/Hotel-joinvillense-1.png\"\/><\/li><li><img decoding=\"async\" alt=\"\" src=\"https:\/\/www.amapalu.com.br\/novo\/wp-content\/uploads\/2021\/01\/hotel-sabrina-1.png\"\/><\/li><li><img decoding=\"async\" alt=\"\" src=\"https:\/\/www.amapalu.com.br\/novo\/wp-content\/uploads\/2021\/01\/instituto-venturo-1.png\"\/><\/li><li><img decoding=\"async\" alt=\"\" src=\"https:\/\/www.amapalu.com.br\/novo\/wp-content\/uploads\/2021\/01\/koerich-1.png\"\/><\/li><li><img decoding=\"async\" alt=\"\" src=\"https:\/\/www.amapalu.com.br\/novo\/wp-content\/uploads\/2021\/01\/nissam-1.png\"\/><\/li><li><img decoding=\"async\" alt=\"\" src=\"https:\/\/www.amapalu.com.br\/novo\/wp-content\/uploads\/2021\/01\/portorrol-1.png\"\/><\/li><li><img decoding=\"async\" alt=\"\" src=\"https:\/\/www.amapalu.com.br\/novo\/wp-content\/uploads\/2021\/01\/reserplastic-1.png\"\/><\/li><li><img decoding=\"async\" alt=\"\" src=\"https:\/\/www.amapalu.com.br\/novo\/wp-content\/uploads\/2021\/01\/sodexo-1.png\"\/><\/li><\/ul><\/div><hr class=\"vertical-space2\"><\/div>[\/vc_column][\/vc_row]\n","protected":false},"excerpt":{"rendered":"<p>[vc_row row_type=&#8221;1&#8243; animate=&#8221;&#8221; blox_class=&#8221;bgheader&#8221;][vc_column][rev_slider_vc alias=&#8221;Amapalu&#8221;][\/vc_column][\/vc_row][vc_row animate=&#8221;&#8221;][vc_column][vc_column_text] Nossos\u00a0Produtos [\/vc_column_text][vc_row_inner][vc_column_inner offset=&#8221;vc_hidden-xs&#8221;][vc_images_carousel images=&#8221;1271,1267,1256,1234,1232,1230,1228,1225,1223&#8243; img_size=&#8221;full&#8221; onclick=&#8221;custom_link&#8221; slides_per_view=&#8221;6&#8243; autoplay=&#8221;yes&#8221; custom_links=&#8221;#E-8_aHR0cHMlM0ElMkYlMkZ3d3cuYW1hcGFsdS5jb20uYnIlMkZub3ZvJTJGbm9zc29zLXByb2R1dG9zLTIlMkYlMjMxNjE5NTMzODMxOTM2LTUzMGU5NjBkLTBjYWElMkNodHRwcyUzQSUyRiUyRnd3dy5hbWFwYWx1LmNvbS5iciUyRm5vdm8lMkZub3Nzb3MtcHJvZHV0b3MtMiUyRiUyMzE2MTk1MzM4MzEyNjItMTkzNTUyMDItMDY4NCUyQ2h0dHBzJTNBJTJGJTJGd3d3LmFtYXBhbHUuY29tLmJyJTJGbm92byUyRm5vc3Nvcy1wcm9kdXRvcy0yJTJGJTIzMTYxOTUzMzc4NDEwMS1iYzljYjgzYy1mZTZiJTJDaHR0cHMlM0ElMkYlMkZ3d3cuYW1hcGFsdS5jb20uYnIlMkZub3ZvJTJGbm9zc29zLXByb2R1dG9zLTIlMkYlMjMxNjE5NTMzNzg0NjYzLTNlNGFiOTliLTYwZDAlMkNodHRwcyUzQSUyRiUyRnd3dy5hbWFwYWx1LmNvbS5iciUyRm5vdm8lMkZub3Nzb3MtcHJvZHV0b3MtMiUyRiUyMzE2MTk1MzM3ODM0NzItMmEyYjZjMDctM2NhZCUyQ2h0dHBzJTNBJTJGJTJGd3d3LmFtYXBhbHUuY29tLmJyJTJGbm92byUyRm5vc3Nvcy1wcm9kdXRvcy0yJTJGJTIzMTYxOTUzMzc4MjcxOC03ZTNkYWRmMS0wMTIxJTJDaHR0cHMlM0ElMkYlMkZ3d3cuYW1hcGFsdS5jb20uYnIlMkZub3ZvJTJGbm9zc29zLXByb2R1dG9zLTIlMkYlMjMxNjE5NTMzNzU5MzQwLTk1OGRiZTM2LTk5MjIlMkNodHRwcyUzQSUyRiUyRnd3dy5hbWFwYWx1LmNvbS5iciUyRm5vdm8lMkZub3Nzb3MtcHJvZHV0b3MtMiUyRiUyMzE2MTk1MzM3MTM5NTQtNmYyYWM0NjEtNzZiMSUyQ2h0dHBzJTNBJTJGJTJGd3d3LmFtYXBhbHUuY29tLmJyJTJGbm92byUyRm5vc3Nvcy1wcm9kdXRvcy0yJTJGJTIzMTYxOTUzMzcxMzkzNy01ZTg4NmViNS02NDRj&#8221;][\/vc_column_inner][\/vc_row_inner][vc_row_inner][vc_column_inner offset=&#8221;vc_hidden-lg vc_hidden-md vc_hidden-sm&#8221;][vc_images_carousel images=&#8221;1271,1267,1256,1234,1232,1230,1228,1225,1223&#8243; img_size=&#8221;full&#8221; onclick=&#8221;custom_link&#8221; autoplay=&#8221;yes&#8221; custom_links=&#8221;#E-8_aHR0cHMlM0ElMkYlMkZ3d3cuYW1hcGFsdS5jb20uYnIlMkZub3ZvJTJGbm9zc29zLXByb2R1dG9zLTIlMkYlMjMxNjE5NTMzODMxOTM2LTUzMGU5NjBkLTBjYWElMkNodHRwcyUzQSUyRiUyRnd3dy5hbWFwYWx1LmNvbS5iciUyRm5vdm8lMkZub3Nzb3MtcHJvZHV0b3MtMiUyRiUyMzE2MTk1MzM4MzEyNjItMTkzNTUyMDItMDY4NCUyQ2h0dHBzJTNBJTJGJTJGd3d3LmFtYXBhbHUuY29tLmJyJTJGbm92byUyRm5vc3Nvcy1wcm9kdXRvcy0yJTJGJTIzMTYxOTUzMzc4NDEwMS1iYzljYjgzYy1mZTZiJTJDaHR0cHMlM0ElMkYlMkZ3d3cuYW1hcGFsdS5jb20uYnIlMkZub3ZvJTJGbm9zc29zLXByb2R1dG9zLTIlMkYlMjMxNjE5NTMzNzg0NjYzLTNlNGFiOTliLTYwZDAlMkNodHRwcyUzQSUyRiUyRnd3dy5hbWFwYWx1LmNvbS5iciUyRm5vdm8lMkZub3Nzb3MtcHJvZHV0b3MtMiUyRiUyMzE2MTk1MzM3ODM0NzItMmEyYjZjMDctM2NhZCUyQ2h0dHBzJTNBJTJGJTJGd3d3LmFtYXBhbHUuY29tLmJyJTJGbm92byUyRm5vc3Nvcy1wcm9kdXRvcy0yJTJGJTIzMTYxOTUzMzc4MjcxOC03ZTNkYWRmMS0wMTIxJTJDaHR0cHMlM0ElMkYlMkZ3d3cuYW1hcGFsdS5jb20uYnIlMkZub3ZvJTJGbm9zc29zLXByb2R1dG9zLTIlMkYlMjMxNjE5NTMzNzU5MzQwLTk1OGRiZTM2LTk5MjIlMkNodHRwcyUzQSUyRiUyRnd3dy5hbWFwYWx1LmNvbS5iciUyRm5vdm8lMkZub3Nzb3MtcHJvZHV0b3MtMiUyRiUyMzE2MTk1MzM3MTM5NTQtNmYyYWM0NjEtNzZiMSUyQ2h0dHBzJTNBJTJGJTJGd3d3LmFtYXBhbHUuY29tLmJyJTJGbm92byUyRm5vc3Nvcy1wcm9kdXRvcy0yJTJGJTIzMTYxOTUzMzcxMzkzNy01ZTg4NmViNS02NDRj&#8221;][\/vc_column_inner][\/vc_row_inner][vc_separator color=&#8221;custom&#8221; style=&#8221;shadow&#8221; accent_color=&#8221;#fbfbfb&#8221;][vc_row_inner][vc_column_inner width=&#8221;2\/3&#8243;][vc_single_image image=&#8221;1273&#8243; img_size=&#8221;full&#8221; alignment=&#8221;center&#8221; onclick=&#8221;custom_link&#8221; link=&#8221;https:\/\/wa.me\/5547984930903&#8243;][\/vc_column_inner][vc_column_inner width=&#8221;1\/3&#8243; css=&#8221;.vc_custom_1571174563099{border-top-width: 0px !important;border-right-width: 0px !important;border-bottom-width: 0px !important;border-left-width: 1px !important;padding-top: 10px !important;padding-right: 10px !important;padding-bottom: 10px !important;padding-left: 10px !important;border-left-color: #382e2d !important;border-left-style: dotted !important;border-right-color: #382e2d !important;border-right-style: dotted !important;border-top-color: #382e2d !important;border-top-style: dotted !important;border-bottom-color: #382e2d !important;border-bottom-style: dotted !important;}&#8221;][vc_single_image image=&#8221;1193&#8243; img_size=&#8221;576&#215;200&#8243; alignment=&#8221;center&#8221; style=&#8221;vc_box_rounded&#8221; onclick=&#8221;link_image&#8221;][vc_column_text] Amapalu Cinco anos de trabalho intenso no ramo aliment\u00edcio de Joinville fazem da Confeitaria Amapalu refer\u00eancia na produ\u00e7\u00e3o de doces, tortas e salgados com elabora\u00e7\u00e3o de receitu\u00e1rios pr\u00f3prios e de extrema qualidade. [\/vc_column_text][\/vc_column_inner][\/vc_row_inner][\/vc_column][\/vc_row][vc_row row_type=&#8221;2&#8243; animate=&#8221;&#8221; blox_bgcolor=&#8221;#ffffff&#8221;][vc_column][vc_separator color=&#8221;custom&#8221; style=&#8221;shadow&#8221; accent_color=&#8221;#fbfbfb&#8221;][vc_column_text css=&#8221;.vc_custom_1586294365911{padding-top: 60px !important;padding-bottom: 30px !important;}&#8221;] Nossos\u00a0Clientes [\/vc_column_text][\/vc_column][\/vc_row]<\/p>\n","protected":false},"author":1,"featured_media":0,"parent":0,"menu_order":0,"comment_status":"closed","ping_status":"closed","template":"","meta":{"footnotes":""},"class_list":["post-9","page","type-page","status-publish","hentry"],"_links":{"self":[{"href":"https:\/\/www.amapalu.com.br\/novo\/wp-json\/wp\/v2\/pages\/9","targetHints":{"allow":["GET"]}}],"collection":[{"href":"https:\/\/www.amapalu.com.br\/novo\/wp-json\/wp\/v2\/pages"}],"about":[{"href":"https:\/\/www.amapalu.com.br\/novo\/wp-json\/wp\/v2\/types\/page"}],"author":[{"embeddable":true,"href":"https:\/\/www.amapalu.com.br\/novo\/wp-json\/wp\/v2\/users\/1"}],"replies":[{"embeddable":true,"href":"https:\/\/www.amapalu.com.br\/novo\/wp-json\/wp\/v2\/comments?post=9"}],"version-history":[{"count":38,"href":"https:\/\/www.amapalu.com.br\/novo\/wp-json\/wp\/v2\/pages\/9\/revisions"}],"predecessor-version":[{"id":1572,"href":"https:\/\/www.amapalu.com.br\/novo\/wp-json\/wp\/v2\/pages\/9\/revisions\/1572"}],"wp:attachment":[{"href":"https:\/\/www.amapalu.com.br\/novo\/wp-json\/wp\/v2\/media?parent=9"}],"curies":[{"name":"wp","href":"https:\/\/api.w.org\/{rel}","templated":true}]}}